**4/4 + 7*q**3/3 - 3*q**2 - 20*q - 4. Let g be p(-7). Let a(u) = u**2 + 6*u + 6. What is a(g)?
6
Let d(h) = 3. Let r(p) = 1. Let a(m) = d(m) - 4*r(m). Let f(t) be the second derivative of -t**3/6 + 3*t**2/2 - 66*t. Let o(v) = -a(v) - f(v). What is o(-3)?
-5
Let x(z) = -8937 - 9168 + 18738 - 17*z. Give x(37).
4
Let u be (-120)/(-21) - (-10)/35. Let r(d) = 154*d**2 + 8*d - 8 - 77*d**2 - d**3 - 72*d**2. Give r(u).
4
Suppose 5*z + 115 = 140. Let g(h) = 125*h + z*h**2 - 6*h**2 - 114*h - 25. Determine g(6).
5
Let v(t) = -3*t + 119. Suppose 179*a - 1524 - 7008 = -1014. Give v(a).
-7
Let s(y) be the third derivative of -y**6/40 + y**5/20 + y**4/24 - y**3/3 - 109*y**2. Suppose -5*v = 2*x + 1 - 17, 5*v + 3*x - 19 = 0. What is s(v)?
-12
Let b(y) = -3809 - 2*y**2 - 3791 + 7564 + 34*y. Let k be b(16). Let a(p) = p**3 + 2*p**2 + 5*p + 6. Determine a(k).
-46
Let n(a) be the third derivative of -a**6/120 - a**5/30 + a**4/12 + a**3/2 - 2*a**2. Let c(s) = -30*s**3 - 23*s**2 + 9*s - 1. Let h be c(-1). Calculate n(h).
6
Suppose -6*d = -3*d - 18. Let u(s) = -35*s**2 + s + 4. Let p(k) = -16*k**2 + k + 2. Let f(g) = -11*p(g) + 5*u(g). Calculate f(d).
-2
Suppose 5*o = 2*o. Let p(u) = 1. Let t(y) = y - 32. Let v(k) = -5*p(k) + t(k). What is v(o)?
-37
Suppose -2*r + 11 = 31. Let x = -12 - r. Let s(h) be the first derivative of h**3/3 + h**2/2 + 2*h - 114. Calculate s(x).
4
Let d = 16 - 11. Suppose 8*r = 48 + 48. Let v = r - d. Let z(c) = c. Give z(v).
7
Suppose -18*f = -3*f + 3540. Let h = -246 - f. Let c(x) = x**2 + 7*x + 5. Calculate c(h).
35
Let h(f) = 97*f - 45*f + 9*f**2 + 57*f**3 - 117*f**3 + 59*f**3 - 42*f - 92. Determine h(9).
-2
Let k = -96 + 112. Suppose 32 - k = 4*l. Let j(n) = -2*n**2 + 6*n. Calculate j(l).
-8
Let b = -64 - -69. Let j(k) = -b*k - 22 - 2 + 4. Let y be j(-3). Let o(f) = f**3 + 5*f**2 - 3. Determine o(y).
-3
Let j(o) be the second derivative of -o**4/12 - 7*o**3/6 + 7*o**2 + 816*o. Give j(-7).
14
Suppose -13 = -5*h + 4*p, -h - 2 + 5 = -p. Let m(b) = -4*b**3 + b**2 - 2*b + 2. Determine m(h).
-3
Let q(j) = 62*j - 3517. Let l be q(56). Let f(r) = r**2 + 46*r + 45. Determine f(l).
0
Let p(z) = z**3 - 5*z**2 - 21*z + 52. Let t(r) = r**3 - 92*r**2 - 285*r + 7. Let w be t(95). Give p(w).
3
Let b(x) = 3*x + 28. Let i(p) = -2*p - 18. Let g(k) = -5*b(k) - 8*i(k). Let c be (14/4)/((-2)/12). Let w = c + 16. What is g(w)?
-1
Let c(x) = -10*x**2. Let m(s) = -3*s**2 + 8*s + 6. Let p(h) = -c(h) + m(h). What is p(-4)?
86
Let m(y) = -13*y**2 + 3*y - 4. Let c(r) = -25*r**2 + 3*r - 9. Let w(n) = 3*c(n) - 5*m(n). What is w(-1)?
-11
Let w = -11806 - -11798. Let n(b) be the third derivative of -b**4/12 - 5*b**3/3 - b**2. Calculate n(w).
6
Suppose 91*m - 178*m - 54 = -105*m. Let l(y) be the first derivative of 1/3*y**3 + m*y - 13 - 2*y**2. Calculate l(2).
-1
Let m(d) be the third derivative of -5*d**4/24 - 73*d**3/6 + 72*d**2 - 1. Determine m(-12).
-13
Let s(h) = -49*h**3 - 2*h**2 + 1. Let q(t) = 1314*t + 7885. Let g be q(-6). Calculate s(g).
-50
Let f(t) be the third derivative of 65*t**2 - 1/6*t**3 - 1/120*t**6 + 1/12*t**4 + 0*t - 1/30*t**5 + 0. Calculate f(-3).
2
Suppose -5*j + 7*j = -5*k + 16, 0 = 3*k + 3*j - 6. Let x(m) = m**3 - 4*m**2 + 3*m + 4. Determine x(k).
16
Let q(y) = -y**3 - 4*y**2 - 4*y + 1. Suppose -46 + 50 = -4*p, 0 = 3*z - 3*p + 9. Give q(z).
17
Suppose p - 80 = -5*s - 4*p, -s - 5*p + 4 = 0. Suppose t + 0*t = s. Suppose 119 = t*n - 2*n. Let l(f) = -f**2 + 6*f + 6. Determine l(n).
-1
Let x(k) = k - 73. Let v be x(0). Let s = -34 - 47. Let d = s - v. Let c(l) = -l**2 - 8*l - 6. Give c(d).
-6
Suppose -4*x = -q - 12, 0 = 3*x - 5*x - 2*q + 16. Suppose -4 = -2*w + z, -2*w - w + 6 = -x*z. Let o(a) = -2*a**2 - a + 1. What is o(w)?
-9
Let v(q) = 2*q**3 - 7*q**2 + 13*q + 19. Let u = 16 - 11. Suppose -j + 194 = 202. Let w(k) = 3*k**3 - 10*k**2 + 20*k + 29. Let t(a) = j*v(a) + u*w(a). Give t(5).
-2
Let l = 110 - 97. Let k(x) = x + 2*x - 2*x - l + 18. Suppose 0 = 4*f - 5*f + 6. What is k(f)?
11
Suppose 0 = 3*x - 48 - 96. Suppose 4 = 2*c - x. Let k(n) = -59 + 25 + c + 3*n. Determine k(6).
10
Let z(s) be the first derivative of s**3/3 + 35*s**2/2 + 236*s + 1900. Give z(-9).
2
Let r(l) be the first derivative of -l**4/4 + l**3 + 3*l**2/2 + 6*l - 23. Calculate r(4).
2
Let x(h) = -6 + 11 + 30*h - 31*h. Let a(w) = -5*w - 11. Let p be a(-7). Suppose -3*r = -4*u + p - 4, 0 = -r - u - 2. Give x(r).
9
Let b(o) = 372*o**2 - 370*o**2 - 5*o + 22553 - 22585 - 16*o. Determine b(13).
33
Let l = 203 - 199. Suppose -5*g = 4*a - 5*a + 5, -l*a - g = 22. Let o(b) = b**2 - b + 6. Determine o(a).
36
Let m(s) be the second derivative of s**6/40 + s**5/30 - s**4/8 + 2*s**3/3 - 34*s**2 - 42*s. Let o(c) be the first derivative of m(c). What is o(-3)?
-50
Let f(y) = 13*y - 208. Let b(d) = -14*d + 168. Let c(v) = -6*b(v) - 5*f(v). Calculate c(-2).
-6
Let o(i) = i + 2. Suppose 5*z + 123 = 2*h, 0 = -0*z - 4*z + 2*h - 98. Let m = 29 + z. Suppose 2*c - m = -3*x + 11, -2*c + 3*x = -9. Calculate o(c).
8
Let p(o) = -10*o - 4. Let h(l) = 2*l - 8. Let m(q) = 5*q - 9. Let j(y) = 6*h(y) - 5*m(y). Let x(s) = 2*j(s) - 3*p(s). Give x(-3).
-6
Suppose -n - 43 = -6*a + 2*a, 0 = -5*a - 4*n + 38. Let t(z) = -7*z + a - 3 - 6*z + 17*z - 8*z. Give t(8).
-25
Let i(l) = -203*l - 5*l**2 + 1 + 5*l**2 + 204*l - 3*l**2. Let k(a) = a + 10. Let r be k(-6). Suppose 5*z = -1 - r. Calculate i(z).
-3
Let f(s) = -2*s - 12. Suppose 0 = -w - w + 6, d + w = -9. Let o be f(d). Let t be 3/18 + (-38)/o. Let l(a) = -2*a**2 - 2*a. What is l(t)?
-12
Let s(b) be the second derivative of -b**3/3 + 3*b**2/2 + 1265*b. Calculate s(3).
-3
Let g(i) = -28*i + 109. Let f(m) = -20*m + 112. Let u(p) = 3*f(p) - 2*g(p). Calculate u(0).
118
Let s(v) = 3*v**2 - 30*v + 31. Let y be s(1). Let n(g) = -y + g**3 - g - 2*g + g**2 + 0 + 4*g**2 + 0. Give n(-5).
11
Let c(n) = -2*n + 3*n + 20952 - 20952 - n**3. Calculate c(4).
-60
Let q be 9*(-2)/18*-13 + -10. Let b(l) = 0 - 2 - 14 + 4*l. What is b(q)?
-4
Suppose 0 = 3*p - 12. Let m(n) = 5*n**3 - 3*n**2 + 21*n - 43. Let j(u) = u**3 - u**2 + 4*u - 8. Let x(a) = -11*j(a) + 2*m(a). Calculate x(p).
10
Suppose 5*g + 5*q = 20, -q = -124*g + 129*g + 12. Let c(d) = -d**2 - 8*d - 17. What is c(g)?
-1
Suppose 0 = 3*y + 13 - 4. Let x(t) = 25*t**3 - 6*t**2 + 5*t + 142. Let s(w) = -29*w**3 + 7*w**2 - 5*w - 165. Let i(g) = 6*s(g) + 7*x(g). What is i(y)?
-38
Suppose -35*g - 43*g + 36 = -69*g. Let s(x) = -11*x + 12. Give s(g).
-32
Let n(i) = 16*i**2 + 22*i - 88. Let d(m) = -9*m**2 - 10*m + 44. Let b(l) = -7*d(l) - 4*n(l). Give b(-18).
44
Suppose 0 = -63*t + 69*t - 300. Let i = t + -51. Let g(p) = 18*p**2 + p + 1. Give g(i).
18
Let w(p) = -2*p + 2. Suppose u + 145*l = 149*l + 3, 28 = 2*u + 3*l. What is w(u)?
-20
Let v(q) = -4*q + 25. Let c be v(4). Let g be c/((1/(-2))/(2/(-6))). Let f(s) = -s + 9. Let j be f(g). Let a(t) = -2*t + 4. Determine a(j).
-2
Let i(u) = -u**2 + 6*u - 5. Let s(v) = 17*v**3 - 2*v**2 + 7*v + 4. Let r be s(2). Let n = r - 141. Give i(n).
0
Let s(a) = a**2 - 2*a + 9. Let g(o) = -o**2 + 3*o - 5. Let l(b) = 4*g(b) + 3*s(b). Give l(9).
-20
Let c(t) = 4*t - 54. Let g be 380/27 + 3 + ((-2244)/(-324) - 7). Determine c(g).
14
Suppose 25*j - 40*j + 255 = 0. Let t(y) = -12*y. Let s be t(2). Let q be (j/(-34))/(2/s). Let b(u) = -u - 7. Give b(q).
-13
Suppose 3*f + 66 = -4*c, -426 = c + f - 408. Let b(t) = t**3 + 13*t**2 + 17*t + 35. What is b(c)?
-25
Let x be (-9)/6*-1*2. Let k(a) = -4 - 2 - a**2 - 3 - x*a + 3. Let y(r) = -6*r**2 + 8*r + 9. Let m be y(-1). What is k(m)?
-16
Suppose -66 = -2*j - 4*c, 0 = -6*j - 5*c + 2333 - 2233. Let r(z) be the third derivative of -z**5/60 + z**4/6 + 13*z**3/6 + z**2. Calculate r(j).
8
Let i be 0 + (15 - (-2 + 0)/1). Let g = 19 - i. Let t(n) = 6*n + 6. Let l(s) = -2*s - 2. Let f(d) = 17*l(d) + 6*t(d). What is f(g)?
6
Let x(v) = v**2 - 17*v + 186. Let h be x(26). Let p be (h/294)/((-5)/(-14)). Let f(s) = -4*s + 6. Determine f(p).
-10
Let z(g) = g**2 + 8*g - 13. Let c = 468 - 417. Suppose 5*u - 3*k - 10 = -c, 5*k + 35 = -2*u. Calculate z(u).
7
Let g(q) be the second derivative of 1/6*q**4 + 4/3*q**3 + 0*q**2 + 0 - 23*q - 1/60*q**5. Let v(x) be the second derivative of g(x). Determine v(4).
-4
Suppose -q + 23 - 28 = 0, -4*q - 14 = 3*v. Let j(a) = 5*a**3 + 3*a + 24 - 4*a**3 - 21